0 - 34. Let v = q + 23. What are the prime factors of v?
3
Suppose 16 = -0*d + 4*d. Suppose -d*j - 4 = -5*j. Suppose 5*l = j*r + 22, -l + 4*r + r - 4 = 0. What are the prime factors of l?
2, 3
Suppose -2*l + 4 = -0*l. Let h = l + -4. List the prime factors of (2/h)/(2/(-12)).
2, 3
Let k be (-1 + 9)/((-2)/(-2)). Let b = k - 0. What are the prime factors of b?
2
Suppose 4*d - 4*w + 188 = 0, 0*d - 285 = 5*d + 5*w. Let t = 93 + d. List the prime factors of t.
41
Suppose 4*b + 0 - 21 = -5*h, 5*h + b - 24 = 0. Suppose h = -d + 57. List the prime factors of d.
2, 13
Let k = 3 + 7. Suppose 0 = 5*j - 3*j - k. What are the prime factors of j?
5
Let s = 16 - 2. Let a = s + -10. Suppose -47 = -5*n + 5*i + 13, a*i = 5*n - 55. List the prime factors of n.
7
Let l = 3 + -1. Suppose 63 = 5*a + 4*m, -l*m = 3*m - 10. What are the prime factors of a?
11
Let o = -5 - -7. Suppose -13 = -5*l + 77. Suppose -o*p + l = 2. List the prime factors of p.
2
Let b(f) = 4*f**2 + 3*f. List the prime factors of b(-4).
2, 13
Suppose 16 = -d + 82. Let b = d + -28. List the prime factors of b.
2, 19
Suppose 3*z = -4 + 10. Let d(p) = -2*p**2 - 5 + 3*p + 3*p**z + 0 + 0. What are the prime factors of d(-5)?
5
Let i be (-21)/(-6) - (-2)/4. Suppose -4*l + 3 = -5*c - 13, -5*l = i*c - 20. Let w = l - -4. List the prime factors of w.
2
List the prime factors of (-6)/(-33) - (-460)/11.
2, 3, 7
Let f(q) = -3*q + 3. Let y(p) = -16*p + 16. Let x(s) = -11*f(s) + 2*y(s). Suppose 0 = 10*j - 9*j - 5. List the prime factors of x(j).
2
Let u(h) = 20*h**3 + 2*h**2 - h. What are the prime factors of u(1)?
3, 7
Suppose 5*q = 2*g + 161, -7*g = -2*g - 10. Let m be q*4/6 + -2. Suppose -u = -2*u + m. List the prime factors of u.
2, 5
Let q = -96 + 187. What are the prime factors of q?
7, 13
What are the prime factors of 0 + (-327)/(-21) - (-21)/49?
2
Let h(m) = m - 2. Let g be h(8). Suppose 3*j - g*j = -30. What are the prime factors of j?
2, 5
Let t(x) = -x**2 - 3*x. Let p be t(-4). What are the prime factors of p/(-12) + (-76)/(-6)?
13
Suppose -v = -3*d + 49, -6*d + 5*v + 35 = -5*d. Let b = 0 - -4. Suppose -d = -3*p + 3*i, b = 2*p + 2*i + 2*i. What are the prime factors of p?
2
Let s(c) = 2*c**2 - c + 1. Let u be s(1). Suppose -i + h - 8 + 2 = 0, -8 = 2*i - h. List the prime factors of u + -1 - (i + -1).
2
Let x = -2 - -1. Let k = x + 3. What are the prime factors of k/8 - (-234)/24?
2, 5
Let o = 158 + -111. List the prime factors of o.
47
Let a = -29 - -59. List the prime factors of a.
2, 3, 5
Let s(v) = -9*v - 3. List the prime factors of s(-3).
2, 3
Suppose -2*r - 3*h + 273 = -4*h, -402 = -3*r + 4*h. What are the prime factors of r?
2, 3, 23
Let d = 26 - 14. Let l = d - -11. List the prime factors of l.
23
Let h(b) = -b**2 - 3*b + 1. Let t be h(-2). Suppose 5*f = 2*f - 3*g + 204, -25 = -5*g. Suppose 0*q - f = -t*q. What are the prime factors of q?
3, 7
Let s(b) be the third derivative of b**6/40 - b**5/60 + b**4/6 - 5*b**3/6 + 5*b**2. What are the prime factors of s(2)?
23
Let k(x) = -14*x - 17. What are the prime factors of k(-12)?
151
Let m be (-2 + 6)*27/6. Suppose -2*u + 4*u - 2*a - 10 = 0, 2*a + m = 3*u. Let o(s) = -s**2 + 9*s - 5. What are the prime factors of o(u)?
3
Suppose 3 = -c - 3*n + 6*n, -c + 2*n - 2 = 0. What are the prime factors of ((2 - c) + -22)/(-2)?
2, 5
Let b(r) = 2*r**3 + 7*r**2 + 5*r - 4. Let z be b(-4). Let l = z - -56. What are the prime factors of l?
2
Let a(n) = -7 + 6 + 3*n - 1. Let o(l) = -l**3 - 4*l**2 - 2*l - 5. Let i be o(-4). What are the prime factors of a(i)?
7
Let k(s) = -s + 14. What are the prime factors of k(-7)?
3, 7
Suppose 10 = u + 4*y, 4*u = -4*y + 9 + 7. List the prime factors of u.
2
What are the prime factors of (840/(-36))/((-2)/3)?
5, 7
Let d be (-2)/(-9) + 129/27. Suppose d*x - 10 = -0*x. Suppose 4 = -x*h + 20. What are the prime factors of h?
2
Suppose 0 = 4*p - 3*i - 3, 5*i = 5*p - 0*p. Suppose 3*k + k - 18 = 3*z, p*k - 11 = 2*z. Let q = z + 17. List the prime factors of q.
7
Let v = 106 - -62. List the prime factors of v.
2, 3, 7
Let q(m) = 9*m - 1. What are the prime factors of q(4)?
5, 7
Suppose -w = 4*y - 13, 1 - 10 = 3*w. Suppose c = r - 6*r + 59, 2*r - y*c - 28 = 0. What are the prime factors of r?
2, 3
Let m(j) = -j**3 + 6*j**2 + 3*j + 6. Let u = 5 - 0. What are the prime factors of m(u)?
2, 23
Let m = 4 - 2. Let z(u) = 0 - u**3 + 5*u**2 - 2 + 7*u + u**2 - u**m. What are the prime factors of z(6)?
2
Suppose -o = -3*o + s + 165, -5*s = -o + 105. What are the prime factors of o?
2, 5
What are the prime factors of ((-165)/(-9))/(2/6)?
5, 11
Suppose 0 = 2*y - 9 + 3. Let r(b) = 7*b + 3*b**2 - 6*b**2 + 2*b**2 - y. List the prime factors of r(6).
3
Let p(m) = 8*m**3 - 2*m**2 + 1. Suppose 0 = -v - 4 + 5. What are the prime factors of p(v)?
7
Let z = -11 - -16. Let t(f) = f**2 - 1. Let c be t(z). What are the prime factors of (-6)/c + (-53)/(-4)?
13
Let h be -16 + (-4)/(4 - 2). Let l = h + 30. What are the prime factors of l?
2, 3
What are the prime factors of (4 + 0)*((-1845)/20)/(-9)?
41
Let q(m) = 42*m - 2. What are the prime factors of q(2)?
2, 41
Suppose 0 = -g - 2, -4*d = -6*d + g + 44. List the prime factors of d.
3, 7
List the prime factors of (-7 + 4)/((-2)/14).
3, 7
Let c be 6/(-1) + 2 + -3. Let y = c + 13. Let w = y - 2. List the prime factors of w.
2
Suppose -3*y = -0*y - 15. Suppose -2*q - 5*a + 4 = 0, 0*q - 31 = -y*q - 2*a. Let i = 3 + q. List the prime factors of i.
2, 5
Suppose -k - 2*x = 11 - 102, 3*k + 5*x = 277. List the prime factors of k.
3, 11
Suppose -v - 7 = 3*b + 4, -2*v + 13 = -b. Suppose -2*l + v*l - 38 = 0. List the prime factors of l.
19
Let o(k) = k**2 - 4*k + 2. Let b be o(4). Let t = b + 5. List the prime factors of t.
7
Let q(k) = -3*k**3 + 2*k**2 + 2*k + 1. Suppose 0 + 2 = -2*m. Let g be q(m). Suppose 3*v - i - 4 = 5, i = g*v - 12. What are the prime factors of v?
3
Let v = -79 - -139. List the prime factors of v.
2, 3, 5
Let f(r) = 4*r**3 + 2*r**2 - r. Let b be f(1). Suppose 2*i - 7*i + 5*w + 60 = 0, 42 = 3*i - b*w. What are the prime factors of i?
3
What are the prime factors of 8/(-4) + 3 - -18?
19
Let v be 0 - -1 - 3/(-1). Suppose 4*z - v*j - 32 = 0, -5*z + 0*j - 10 = 5*j. What are the prime factors of z?
3
Let h be -6 + 0/(6/3). Let k be (-1)/((-10)/(-4))*10. Let i = k - h. List the prime factors of i.
2
Suppose 2*a - 4*g = -12, 5*g - 16 = 5*a + 4. What are the prime factors of 135*-6*a/30?
2, 3
Let k(q) be the second derivative of 3*q**4/2 - q**3/3 - q**2/2 - 5*q. List the prime factors of k(-1).
19
Suppose 3*c - 10 = -4*v + 4, 4*c = 5*v - 33. List the prime factors of c/(-11) + 53/11.
5
Let z be (4/(-6))/((-1)/(-9)). Let a = -4 - z. What are the prime factors of a?
2
Suppose -12*k + 1157 + 739 = 0. What are the prime factors of k?
2, 79
Suppose v - 6 = 19. Suppose 5*o = -0 + v. Suppose -o*f - 15 = -5*l, 6*l = 2*l - 5*f + 57. List the prime factors of l.
2
Let x(v) = -v**3 - 8*v**2 - 7*v + 22. List the prime factors of x(-9).
2, 83
Let n = 4 - 10. Let p(g) = g + 3. Let j be p(n). What are the prime factors of (j/(-9))/((-4)/(-36))?
3
What are the prime factors of (-10)/(-18)*-3*-36 - 3?
3, 19
Let z(y) = 2*y**3 - 2*y**2 + 3. List the prime factors of z(4).
3, 11
Let z = -27 - -49. What are the prime factors of z?
2, 11
What are the prime factors of 125*(3 - 1) + -4?
2, 3, 41
Let w be 12/(-9) + 2/(-3). What are the prime factors of 4 - (-5 + 5 + w)?
2, 3
Suppose -3*p = 19 + 29. Let x = p - -24. Let r = x - -8. What are the prime factors of r?
2
Let t(g) = g**2 - 5*g - 8. Let b be t(7). Suppose 0 = -j - b*c + 2*c - 7, -5*j = 3*c + 1. Suppose -j = 2*m - 7. List the prime factors of m.
3
Suppose w = 3*s, -4*s - 11 = -3*w - 2*w. List the prime factors of ((0 - -2) + 2)*s.
2
Let i = -4 - -7. Suppose 5 = -i*k + 4*k. Suppose 0 = -j - k + 8. List the prime factors of j.
3
What are the prime factors of (92 + -6)*(-1)/(-2)?
43
Suppose -6*x = 79 - 361. Suppose 0 = 2*f - 7 - x. What are the prime factors of f?
3
What are the prime factors of 8200/320 - 3/(-8)?
2, 13
Let j = 2 + 0. Let y(c) = j*c**3 + 1 - c + 0*c - c**3. List the prime factors of y(2).
7
Suppose -2*x - 8 = 2*x. Let i(q) = -15*q + 3. What are the prime factors of i(x)?
3, 11
Suppose t + 27 = -t + 3*f, -4*t - 74 = -2*f. List the prime factors of t/3*12/(-1